{"id":122,"date":"2017-03-22T19:07:40","date_gmt":"2017-03-22T18:07:40","guid":{"rendered":"http:\/\/shop.morganpark.de\/?page_id=122"},"modified":"2017-04-27T13:25:41","modified_gmt":"2017-04-27T11:25:41","slug":"impressum","status":"publish","type":"page","link":"https:\/\/www.morganpark.de\/shop\/kontakt\/impressum\/","title":{"rendered":"Impressum"},"content":{"rendered":"<div class=\"wpb-content-wrapper\"><p>[vc_row][vc_column]<h3>Impressum<\/h3>[\/vc_column][\/vc_row][vc_row][vc_column width=&#8220;1\/2&#8243;][vc_wp_text]Haftungsausschluss &#8211; Disclaimer<\/p>\n<p><b>1. Inhalt des Onlineangebotes<\/b><br \/>\nWir \u00fcbernehmen keinerlei Gew\u00e4hr f\u00fcr die Korrektheit, Aktualit\u00e4t oder Qualit\u00e4t der bereitgestellten Informationen. Haftungsanspr\u00fcche gegen uns, welche sich auf Sch\u00e4den an materieller oder ideeller Art beziehen, die durch die Nutzung oder Nichtnutzung der Informationen bzw. durch die Nutzung fehlerhafter und unvollst\u00e4ndiger Informationen verursacht wurden, sind grunds\u00e4tzlich ausgeschlossen. Wir behalten es uns ausdr\u00fccklich vor, Teile der Seite oder die gesamte Seite ohne Ank\u00fcndigung zu ver\u00e4ndern, zu erg\u00e4nzen, zu l\u00f6schen oder die Seite zeitweilig oder ganz vom Netz zu entfernen.<\/p>\n<p><b>2. Verweise und Links <\/b><br \/>\nMit Urteil vom 12. Mai 1998 hat das Landesgericht Hamburg entschieden, dass man durch die Ausbringung eines Links die Inhalte der gelinkten Seite ggf. mit zu verantworten hat. Dies kann, so das Landesgericht, nur dadurch verhindert werden, indem man sich ausdr\u00fccklich von diesen Inhalten distanziert. Wir haben auf meiner Seite Links zu anderen Seiten im Internet gelegt. F\u00fcr alle diese Links gilt: Wir erkl\u00e4ren ausdr\u00fccklich, dass wir keinerlei Einfluss auf die Gestaltung und die Inhalte der gelinkten Seiten habe. Deshalb distanzieren wir uns hiermit ausdr\u00fccklich von allen Inhalten aller gelinkten Seiten auf unserer Internetpr\u00e4senz, und machen uns diese Inhalte nicht zu eigen. Diese Erkl\u00e4rung gilt f\u00fcr alle auf unserer Internetpr\u00e4senz angezeigten Links, und f\u00fcr alle Inhalte der Seiten, zu denen die bei mir angemeldeten Banner und Links f\u00fchren. Dies gilt besonders f\u00fcr Links, die von anderen Benutzern des Forums kommen.<\/p>\n<p><b>3. Urheber- und Kennzeichenrecht<\/b><br \/>\nDas Copyright f\u00fcr ver\u00f6ffentlichte, vom Autor selbst erstellte Objekte bleibt allein beim Autor der Seiten. Eine Vervielf\u00e4ltigung oder Verwendung solcher Grafiken, Tondokumente, Videosequenzen und Texte in anderen elektronischen oder gedruckten Publikationen ist ohne Zustimmung von uns nicht gestattet. Sollten die Beitr\u00e4ge sowie die Grafiken, Tondokumente, Videosequenzen und Texte auf dieser Hompage irgendwelche Rechte Dritter verletzen, bitten wir um eine Email. Wir werden dann die Grafiken, Tondokumente, Videosequenzen und Texte und\/oder Beitr\u00e4ge sofort unter Ihrem Namen ver\u00f6ffentlichen, oder wenn gew\u00fcnscht, auch entfernen.<\/p>\n<p><b>4. Datenschutz <\/b><br \/>\nSofern innerhalb des Internetangebotes die M\u00f6glichkeit zur Eingabe pers\u00f6nlicher oder gesch\u00e4ftlicher Daten (Emailadressen, Namen, Anschriften) besteht, so erfolgt die Preisgabe dieser Daten seitens des Nutzers auf ausdr\u00fccklich freiwilliger Basis. Die Inanspruchnahme und Bezahlung aller angebotenen Dienste ist &#8211; soweit technisch m\u00f6glich und zumutbar &#8211; auch ohne Angabe solcher Daten bzw. unter Angabe anonymisierter Daten oder eines Pseudonyms gestattet. Die Nutzung der im Rahmen des Impressums oder vergleichbarer Angaben ver\u00f6ffentlichten Kontaktdaten wie Postanschriften, Telefon- und Faxnummern sowie Emailadressen durch Dritte zur \u00dcbersendung von nicht ausdr\u00fccklich angeforderten Informationen ist nicht gestattet. Rechtliche Schritte gegen die Versender von sogenannten Spam-Mails bei Verst\u00f6\u00dfen gegen dieses Verbot sind ausdr\u00fccklich vorbehalten.<\/p>\n<p><b>5. Rechtswirksamkeit dieses Haftungsausschlusses <\/b><br \/>\nSofern Teile oder einzelne Formulierungen dieses Textes der geltenden Rechtslage nicht, nicht mehr oder nicht vollst\u00e4ndig entsprechen sollten, bleiben die \u00fcbrigen Teile des Dokumentes in ihrem Inhalt und ihrer G\u00fcltigkeit davon unber\u00fchrt.<\/p>\n<p><b>6.Hinweis zu Google Analytics<br \/>\n<\/b>\u201eDiese Website benutzt Google Analytics, einen Webanalysedienst der Google Inc. (\u201eGoogle\u201c). Google Analytics verwendet sog. \u201eCookies\u201c, Textdateien, die auf Ihrem Computer gespeichert werden und die eine Analyse der Benutzung der Website durch Sie erm\u00f6glicht. Die durch den Cookie erzeugten Informationen \u00fcber Ihre Benutzung dieser Website (einschlie\u00dflich Ihrer IP-Adresse) wird an einen Server von Google in den USA \u00fcbertragen und dort gespeichert. Google wird diese Informationen benutzen, um Ihre Nutzung der Website auszuwerten, um Reports \u00fcber die Websiteaktivit\u00e4ten f\u00fcr die Websitebetreiber zusammenzustellen und um weitere mit der Websitenutzung und der Internetnutzung verbundene Dienstleistungen zu erbringen. Auch wird Google diese Informationen gegebenenfalls an Dritte \u00fcbertragen, sofern dies gesetzlich vorgeschrieben oder soweit Dritte diese Daten im Auftrag von Google verarbeiten. Google wird in keinem Fall Ihre IP-Adresse mit anderen Daten, die von Google gespeichert werden, in Verbindung bringen. Sie k\u00f6nnen die Installation der Cookies durch eine entsprechende Einstellung Ihrer Browser Software verhindern; wir weisen Sie jedoch darauf hin, dass Sie in diesem Fall gegebenenfalls nicht s\u00e4mtliche Funktionen dieser Website voll umf\u00e4nglich nutzen k\u00f6nnen. Durch die Nutzung dieser Website erkl\u00e4ren Sie sich mit der Bearbeitung der \u00fcber Sie erhobenen Daten durch Google in der zuvor beschriebenen Art und Weise und zu dem zuvor benannten Zweck einverstanden.\u201c[\/vc_wp_text][\/vc_column][vc_column width=&#8220;1\/2&#8243;][vc_wp_text]<b>Vertragsh\u00e4ndler der Morgan Motor Company Limited<\/b><br \/>\nDipl. Kfm. Lutz R. Leberfinger e. K. Morgan Park<br \/>\nHanskampring 23<br \/>\n22885 Barsb\u00fcttel<\/p>\n<p>Tel.: +49 (0)40 670 3020<br \/>\nFax.: +49 (0)40 670 3090<\/p>\n<p>Registergericht: L\u00fcbeck HRA 5180 HL<br \/>\nUmsatzsteuer ID: DE135416898<br \/>\nKontakt: <a href=\"mailto:info@morganpark.de\">info@morganpark.de<\/a><br \/>\nInternet: <a href=\"http:\/\/www.morganpark.de\">www.morganpark.de<\/a><\/p>\n<hr \/>\n<p><strong>Hinweis auf Streitschlichtungsverfahren<\/strong><br \/>\nWir sind zur Teilnahme an einem Streitbeilegungsverfahren vor einer Verbraucherschlichtungsstelle weder bereit noch verpflichtet.  Das Gesetz \u00fcber die alternative Streitbeilegung in Verbrauchersachen fordert aber f\u00fcr den Fall eines Streits, dass wir Sie trotzdem auf eine f\u00fcr Sie zust\u00e4ndige Verbraucherschlichtungsstelle hinweisen:<\/p>\n<p>Allgemeine Verbraucherschlichtungsstelle des Zentrums f\u00fcr Schlichtung e. V.<br \/>\nStra\u00dfburger Str. 8, 77694 Kehl<br \/>\nTel.: +49 (0)7851\/79579-40<br \/>\nFax: +49 (0)7851\/79579-41<br \/>\nInternet: <a href=\"http:\/\/www.verbraucher-schlichter.de\">www.verbraucher-schlichter.de <\/a><br \/>\nE-Mail: <a href=\"mailto:mail@verbraucher-schlichter.de\">mail@verbraucher-schlichter.de<\/a><\/p>\n<p>Diese Schlichtungsstelle ist eine \u201eAllgemeine Verbraucherschlichtungsstelle\u201c nach \u00a7 4 Absatz 2 Satz 2 VSBG.[\/vc_wp_text][\/vc_column][\/vc_row]<\/p>\n<\/div>","protected":false},"excerpt":{"rendered":"<p>[vc_row][vc_column][\/vc_column][\/vc_row][vc_row][vc_column width=&#8220;1\/2&#8243;][vc_wp_text]Haftungsausschluss &#8211; Disclaimer<\/p>\n<p><b>1. Inhalt des Onlineangebotes<\/b><br \/> Wir \u00fcbernehmen keinerlei Gew\u00e4hr f\u00fcr die Korrektheit, Aktualit\u00e4t oder Qualit\u00e4t der bereitgestellten Informationen. Haftungsanspr\u00fcche gegen uns, welche sich auf Sch\u00e4den an materieller oder ideeller Art beziehen, die durch die Nutzung oder Nichtnutzung der Informationen bzw. durch die Nutzung fehlerhafter und unvollst\u00e4ndiger Informationen verursacht wurden, sind grunds\u00e4tzlich ausgeschlossen. Wir behalten es uns ausdr\u00fccklich vor, Teile der Seite oder die gesamte Seite ohne Ank\u00fcndigung zu ver\u00e4ndern, zu erg\u00e4nzen, zu l\u00f6schen oder die Seite zeitweilig oder ganz vom Netz zu entfernen.<\/p>\n<p><b>2. Verweise und Links <\/b><br \/> Mit Urteil vom 12. Mai 1998 hat das Landesgericht Hamburg entschieden, dass man durch die Ausbringung eines Links die Inhalte der gelinkten Seite ggf. mit zu verantworten hat. Dies kann, so das Landesgericht, nur dadurch verhindert werden, indem man sich ausdr\u00fccklich von diesen Inhalten distanziert. Wir haben auf meiner Seite Links zu anderen Seiten im Internet gelegt. F\u00fcr alle diese Links gilt: [&#8230;]<\/p>\n","protected":false},"author":1,"featured_media":0,"parent":10,"menu_order":0,"comment_status":"closed","ping_status":"closed","template":"","meta":{"footnotes":""},"class_list":["post-122","page","type-page","status-publish","hentry"],"_links":{"self":[{"href":"https:\/\/www.morganpark.de\/shop\/wp-json\/wp\/v2\/pages\/122","targetHints":{"allow":["GET"]}}],"collection":[{"href":"https:\/\/www.morganpark.de\/shop\/wp-json\/wp\/v2\/pages"}],"about":[{"href":"https:\/\/www.morganpark.de\/shop\/wp-json\/wp\/v2\/types\/page"}],"author":[{"embeddable":true,"href":"https:\/\/www.morganpark.de\/shop\/wp-json\/wp\/v2\/users\/1"}],"replies":[{"embeddable":true,"href":"https:\/\/www.morganpark.de\/shop\/wp-json\/wp\/v2\/comments?post=122"}],"version-history":[{"count":2,"href":"https:\/\/www.morganpark.de\/shop\/wp-json\/wp\/v2\/pages\/122\/revisions"}],"predecessor-version":[{"id":140,"href":"https:\/\/www.morganpark.de\/shop\/wp-json\/wp\/v2\/pages\/122\/revisions\/140"}],"up":[{"embeddable":true,"href":"https:\/\/www.morganpark.de\/shop\/wp-json\/wp\/v2\/pages\/10"}],"wp:attachment":[{"href":"https:\/\/www.morganpark.de\/shop\/wp-json\/wp\/v2\/media?parent=122"}],"curies":[{"name":"wp","href":"https:\/\/api.w.org\/{rel}","templated":true}]}}