{"id":1841,"date":"2020-02-05T12:43:39","date_gmt":"2020-02-05T11:43:39","guid":{"rendered":"https:\/\/www.morganpark.de\/shop\/?post_type=product&#038;p=1841"},"modified":"2026-04-17T09:49:08","modified_gmt":"2026-04-17T07:49:08","slug":"windabweiser-easy-up-hood","status":"publish","type":"product","link":"https:\/\/www.morganpark.de\/shop\/produkt\/windabweiser-easy-up-hood\/","title":{"rendered":"Windabweiser (Easy-Up Hood)"},"content":{"rendered":"<p>Satz Windabweiser zur Befestigung an den Frontscheibenhaltern. Die Scheiben werden mit Beschl\u00e4gen, H\u00fclsen und s\u00e4mtlichen Schrauben zur Befestigung geliefert. <\/p>\n<p>Die Windabweiser passen an alle Morgan Modelle ab ca. Baujahr 2003 mit Easy-Up Hood und einteiligen Frontscheibenhaltern. <\/p>\n<p>Dank der mitgelieferten H\u00fclsen k\u00f6nnen diese Windweiser auch an Fahrzeugen mit einteiligen Frontscheibenhaltern\/A-S\u00e4ulen und Old-Type Hood\/Kn\u00f6pfverdeck montiert werden.<\/p>\n<p>&nbsp;<\/p>\n<p>&nbsp;<\/p>\n","protected":false},"excerpt":{"rendered":"<p>Satz Windabweiser zur Befestigung an den Frontscheibenhaltern. Die Scheiben werden mit Beschl\u00e4gen, H\u00fclsen und s\u00e4mtlichen Schrauben zur Befestigung geliefert. <\/p>\n<p>Die Windabweiser passen an alle Morgan Modelle ab ca. Baujahr 2003 mit Easy-Up Hood und einteiligen Frontscheibenhaltern. <\/p>\n<p>Dank der mitgelieferten H\u00fclsen k\u00f6nnen diese Windweiser auch an Fahrzeugen mit einteiligen Frontscheibenhaltern\/A-S\u00e4ulen und Old-Type Hood\/Kn\u00f6pfverdeck montiert werden.<\/p>\n<p>&nbsp;<\/p>\n<p>&nbsp;<\/p>\n","protected":false},"featured_media":1842,"comment_status":"closed","ping_status":"closed","template":"","meta":[],"product_brand":[],"product_cat":[59,177],"product_tag":[24,119],"class_list":{"0":"post-1841","1":"product","2":"type-product","3":"status-publish","4":"has-post-thumbnail","6":"product_cat-exterieur","7":"product_cat-windabweiser","8":"product_tag-morgan","9":"product_tag-windabweiser","11":"first","12":"instock","13":"taxable","14":"shipping-taxable","15":"purchasable","16":"product-type-simple"},"_links":{"self":[{"href":"https:\/\/www.morganpark.de\/shop\/wp-json\/wp\/v2\/product\/1841","targetHints":{"allow":["GET"]}}],"collection":[{"href":"https:\/\/www.morganpark.de\/shop\/wp-json\/wp\/v2\/product"}],"about":[{"href":"https:\/\/www.morganpark.de\/shop\/wp-json\/wp\/v2\/types\/product"}],"replies":[{"embeddable":true,"href":"https:\/\/www.morganpark.de\/shop\/wp-json\/wp\/v2\/comments?post=1841"}],"wp:featuredmedia":[{"embeddable":true,"href":"https:\/\/www.morganpark.de\/shop\/wp-json\/wp\/v2\/media\/1842"}],"wp:attachment":[{"href":"https:\/\/www.morganpark.de\/shop\/wp-json\/wp\/v2\/media?parent=1841"}],"wp:term":[{"taxonomy":"product_brand","embeddable":true,"href":"https:\/\/www.morganpark.de\/shop\/wp-json\/wp\/v2\/product_brand?post=1841"},{"taxonomy":"product_cat","embeddable":true,"href":"https:\/\/www.morganpark.de\/shop\/wp-json\/wp\/v2\/product_cat?post=1841"},{"taxonomy":"product_tag","embeddable":true,"href":"https:\/\/www.morganpark.de\/shop\/wp-json\/wp\/v2\/product_tag?post=1841"}],"curies":[{"name":"wp","href":"https:\/\/api.w.org\/{rel}","templated":true}]}}