{"id":332,"date":"2018-03-06T09:10:23","date_gmt":"2018-03-06T08:10:23","guid":{"rendered":"http:\/\/www.morganpark.de\/shop\/?post_type=product&#038;p=332"},"modified":"2026-03-25T18:00:31","modified_gmt":"2026-03-25T17:00:31","slug":"morgan-teddybaer","status":"publish","type":"product","link":"https:\/\/www.morganpark.de\/shop\/produkt\/morgan-teddybaer\/","title":{"rendered":"Morgan Flieger Teddyb\u00e4r"},"content":{"rendered":"<p>Morgan Teddyb\u00e4r. Stilecht mit Fliegerjacke, Kappe und Brille. Die Gr\u00f6\u00dfe des Teddyb\u00e4ren betr\u00e4gt ca. 29 cm.<\/p>\n<p><em>Bei diesem Artikel handelt es sich um Original Morgan Zubeh\u00f6r.<\/em><\/p>\n<p>&nbsp;<\/p>\n","protected":false},"excerpt":{"rendered":"<p>Morgan Teddyb\u00e4r. Stilecht mit Fliegerjacke, Kappe und Brille. Die Gr\u00f6\u00dfe des Teddyb\u00e4ren betr\u00e4gt ca. 29 cm.<\/p>\n<p><em>Bei diesem Artikel handelt es sich um Original Morgan Zubeh\u00f6r.<\/em><\/p>\n<p>&nbsp;<\/p>\n","protected":false},"featured_media":31062,"comment_status":"closed","ping_status":"closed","template":"","meta":[],"product_brand":[],"product_cat":[23,193],"product_tag":[24,77,69],"class_list":{"0":"post-332","1":"product","2":"type-product","3":"status-publish","4":"has-post-thumbnail","6":"product_cat-accessoires","7":"product_cat-stofftiere","8":"product_tag-morgan","9":"product_tag-original-morgan","10":"product_tag-teddybaer","12":"first","13":"instock","14":"taxable","15":"shipping-taxable","16":"purchasable","17":"product-type-simple"},"_links":{"self":[{"href":"https:\/\/www.morganpark.de\/shop\/wp-json\/wp\/v2\/product\/332","targetHints":{"allow":["GET"]}}],"collection":[{"href":"https:\/\/www.morganpark.de\/shop\/wp-json\/wp\/v2\/product"}],"about":[{"href":"https:\/\/www.morganpark.de\/shop\/wp-json\/wp\/v2\/types\/product"}],"replies":[{"embeddable":true,"href":"https:\/\/www.morganpark.de\/shop\/wp-json\/wp\/v2\/comments?post=332"}],"wp:featuredmedia":[{"embeddable":true,"href":"https:\/\/www.morganpark.de\/shop\/wp-json\/wp\/v2\/media\/31062"}],"wp:attachment":[{"href":"https:\/\/www.morganpark.de\/shop\/wp-json\/wp\/v2\/media?parent=332"}],"wp:term":[{"taxonomy":"product_brand","embeddable":true,"href":"https:\/\/www.morganpark.de\/shop\/wp-json\/wp\/v2\/product_brand?post=332"},{"taxonomy":"product_cat","embeddable":true,"href":"https:\/\/www.morganpark.de\/shop\/wp-json\/wp\/v2\/product_cat?post=332"},{"taxonomy":"product_tag","embeddable":true,"href":"https:\/\/www.morganpark.de\/shop\/wp-json\/wp\/v2\/product_tag?post=332"}],"curies":[{"name":"wp","href":"https:\/\/api.w.org\/{rel}","templated":true}]}}