{"id":578,"date":"2018-09-28T15:34:40","date_gmt":"2018-09-28T13:34:40","guid":{"rendered":"https:\/\/www.morganpark.de\/shop\/?post_type=product&#038;p=578"},"modified":"2025-04-06T10:05:45","modified_gmt":"2025-04-06T08:05:45","slug":"ledertasche-schwarz-medium-harry-haldall","status":"publish","type":"product","link":"https:\/\/www.morganpark.de\/shop\/produkt\/ledertasche-schwarz-medium-harry-haldall\/","title":{"rendered":"Ledertasche schwarz medium (Harry Haldall)"},"content":{"rendered":"<p>Schwarze Ledertasche mit eingen\u00e4htem Morgan Logo in der Ausf\u00fchrung Harry Haldall und der Gr\u00f6\u00dfe medium.<\/p>\n<p>Im Lieferumfang enthalten ist ein separater Schultergurt, ein Gep\u00e4ckanh\u00e4nger und eine Staubschutzh\u00fclle.<\/p>\n<p>Zwei dieser Taschen passen nebeneinander hinter die Sitze.<\/p>\n<p><em>Bei diesem Artikel handelt es sich um Original Morgan Zubeh\u00f6r.<\/em><\/p>\n","protected":false},"excerpt":{"rendered":"<p>Schwarze Ledertasche mit eingen\u00e4htem Morgan Logo in der Ausf\u00fchrung Harry Haldall und der Gr\u00f6\u00dfe medium.<\/p>\n<p>Im Lieferumfang enthalten ist ein separater Schultergurt, ein Gep\u00e4ckanh\u00e4nger und eine Staubschutzh\u00fclle.<\/p>\n<p>Zwei dieser Taschen passen nebeneinander hinter die Sitze.<\/p>\n<p><em>Bei diesem Artikel handelt es sich um Original Morgan Zubeh\u00f6r.<\/em><\/p>\n","protected":false},"featured_media":29910,"comment_status":"closed","ping_status":"closed","template":"","meta":[],"product_brand":[],"product_cat":[23,209],"product_tag":[72,120,24,77,30],"class_list":{"0":"post-578","1":"product","2":"type-product","3":"status-publish","4":"has-post-thumbnail","6":"product_cat-accessoires","7":"product_cat-taschen","8":"product_tag-leder","9":"product_tag-ledertasche","10":"product_tag-morgan","11":"product_tag-original-morgan","12":"product_tag-schwarz","14":"first","15":"outofstock","16":"taxable","17":"shipping-taxable","18":"purchasable","19":"product-type-simple"},"_links":{"self":[{"href":"https:\/\/www.morganpark.de\/shop\/wp-json\/wp\/v2\/product\/578","targetHints":{"allow":["GET"]}}],"collection":[{"href":"https:\/\/www.morganpark.de\/shop\/wp-json\/wp\/v2\/product"}],"about":[{"href":"https:\/\/www.morganpark.de\/shop\/wp-json\/wp\/v2\/types\/product"}],"replies":[{"embeddable":true,"href":"https:\/\/www.morganpark.de\/shop\/wp-json\/wp\/v2\/comments?post=578"}],"wp:featuredmedia":[{"embeddable":true,"href":"https:\/\/www.morganpark.de\/shop\/wp-json\/wp\/v2\/media\/29910"}],"wp:attachment":[{"href":"https:\/\/www.morganpark.de\/shop\/wp-json\/wp\/v2\/media?parent=578"}],"wp:term":[{"taxonomy":"product_brand","embeddable":true,"href":"https:\/\/www.morganpark.de\/shop\/wp-json\/wp\/v2\/product_brand?post=578"},{"taxonomy":"product_cat","embeddable":true,"href":"https:\/\/www.morganpark.de\/shop\/wp-json\/wp\/v2\/product_cat?post=578"},{"taxonomy":"product_tag","embeddable":true,"href":"https:\/\/www.morganpark.de\/shop\/wp-json\/wp\/v2\/product_tag?post=578"}],"curies":[{"name":"wp","href":"https:\/\/api.w.org\/{rel}","templated":true}]}}