{"id":776,"date":"2019-10-25T12:35:59","date_gmt":"2019-10-25T10:35:59","guid":{"rendered":"https:\/\/www.morganpark.de\/shop\/?post_type=product&#038;p=776"},"modified":"2022-12-19T11:22:36","modified_gmt":"2022-12-19T10:22:36","slug":"tablet-lederhuelle","status":"publish","type":"product","link":"https:\/\/www.morganpark.de\/shop\/produkt\/tablet-lederhuelle\/","title":{"rendered":"Tablet Lederh\u00fclle braun"},"content":{"rendered":"<p>Tablet Lederh\u00fclle mit eingepr\u00e4gtem Morgan Logo aus gewachstem braunen Leder. <\/p>\n<p>In Kollaboration mit Cherchbi hergestellt.<\/p>\n<p>Abmessungen ca. DIN A5. Breite 11.25&#8243; (ca. 28,5cm) x H\u00f6he 7.75&#8243; (ca. 20,0cm) x Dicke 1 (ca. 2,5cm).<\/p>\n<p>Selbstverst\u00e4ndlich auch f\u00fcr Dokumente in A5 geeignet. <\/p>\n<p><em>Bei diesem Artikel handelt es sich um Original Morgan Zubeh\u00f6r.<\/em><\/p>\n<p>&nbsp;<\/p>\n","protected":false},"excerpt":{"rendered":"<p>Tablet Lederh\u00fclle mit eingepr\u00e4gtem Morgan Logo aus gewachstem braunen Leder. <\/p>\n<p>In Kollaboration mit Cherchbi hergestellt.<\/p>\n<p>Abmessungen ca. DIN A5. Breite 11.25&#8243; (ca. 28,5cm) x H\u00f6he 7.75&#8243; (ca. 20,0cm) x Dicke 1 (ca. 2,5cm).<\/p>\n<p>Selbstverst\u00e4ndlich auch f\u00fcr Dokumente in A5 geeignet. <\/p>\n<p><em>Bei diesem Artikel handelt es sich um Original Morgan Zubeh\u00f6r.<\/em><\/p>\n<p>&nbsp;<\/p>\n","protected":false},"featured_media":777,"comment_status":"closed","ping_status":"closed","template":"","meta":[],"product_brand":[],"product_cat":[23,210],"product_tag":[24,77,129],"class_list":{"0":"post-776","1":"product","2":"type-product","3":"status-publish","4":"has-post-thumbnail","6":"product_cat-accessoires","7":"product_cat-tablet-lederhuellen","8":"product_tag-morgan","9":"product_tag-original-morgan","10":"product_tag-tablet-lederhuelle","12":"first","13":"outofstock","14":"taxable","15":"shipping-taxable","16":"purchasable","17":"product-type-simple"},"_links":{"self":[{"href":"https:\/\/www.morganpark.de\/shop\/wp-json\/wp\/v2\/product\/776","targetHints":{"allow":["GET"]}}],"collection":[{"href":"https:\/\/www.morganpark.de\/shop\/wp-json\/wp\/v2\/product"}],"about":[{"href":"https:\/\/www.morganpark.de\/shop\/wp-json\/wp\/v2\/types\/product"}],"replies":[{"embeddable":true,"href":"https:\/\/www.morganpark.de\/shop\/wp-json\/wp\/v2\/comments?post=776"}],"wp:featuredmedia":[{"embeddable":true,"href":"https:\/\/www.morganpark.de\/shop\/wp-json\/wp\/v2\/media\/777"}],"wp:attachment":[{"href":"https:\/\/www.morganpark.de\/shop\/wp-json\/wp\/v2\/media?parent=776"}],"wp:term":[{"taxonomy":"product_brand","embeddable":true,"href":"https:\/\/www.morganpark.de\/shop\/wp-json\/wp\/v2\/product_brand?post=776"},{"taxonomy":"product_cat","embeddable":true,"href":"https:\/\/www.morganpark.de\/shop\/wp-json\/wp\/v2\/product_cat?post=776"},{"taxonomy":"product_tag","embeddable":true,"href":"https:\/\/www.morganpark.de\/shop\/wp-json\/wp\/v2\/product_tag?post=776"}],"curies":[{"name":"wp","href":"https:\/\/api.w.org\/{rel}","templated":true}]}}