{"id":912,"date":"2019-11-19T13:39:24","date_gmt":"2019-11-19T12:39:24","guid":{"rendered":"https:\/\/www.morganpark.de\/shop\/?post_type=product&#038;p=912"},"modified":"2025-08-30T20:09:19","modified_gmt":"2025-08-30T18:09:19","slug":"gutschein-morgan-super-3-tagestour","status":"publish","type":"product","link":"https:\/\/www.morganpark.de\/shop\/produkt\/gutschein-morgan-super-3-tagestour\/","title":{"rendered":"Gutschein Morgan Super 3 Tagestour"},"content":{"rendered":"<p>Wie w\u00e4re es mit einem Gutschein als Geschenk f\u00fcr gute Freunde oder zu besonderen Anl\u00e4ssen wie Hochzeiten, Geburtstagen oder vielleicht sogar zu einem besonderen Jubil\u00e4um? Kein Problem &#8211; Wir bieten Ihnen vom 1. M\u00e4rz bis 31. Oktober eines jeden Jahres die M\u00f6glichkeit, einen Teil unserer Fahrzeuge auszuprobieren.<\/p>\n<p>&nbsp;<\/p>\n<p><strong><em>Tagestour Morgan Super 3<\/em><\/strong><\/p>\n<p><em>Dauer: 1 Tag<\/em><\/p>\n<p><em>Zeitraum: <\/em><em>Montag-Freitag zwischen 08.30 Uhr und 17:00 Uhr<\/em><\/p>\n<p><em>Inklusiv-Kilometer: 150 km<\/em><\/p>\n<p><em>Zus\u00e4tzliche Kilometer: 1,20 Euro pro Kilometer<\/em><\/p>\n<p><em>G\u00fcltigkeit des Gutscheins: 3 Jahre ab Kaufdatum<\/em><\/p>\n<p>&nbsp;<\/p>\n<p><strong>Anmerkung:<\/strong> Bitte geben Sie in der Kaufabwicklung unter Bestellnotiz den Namen des Beschenkten &#8211; z. B. Max Mustermann &#8211; an. Bei der Versandart w\u00e4hlen Sie bitte den f\u00fcr Sie kostenlosen &#8222;Gutscheinversand&#8220; oder &#8222;Abholung&#8220; aus.<\/p>\n<p>Sie erhalten einen im DIN A4 Fomat farbig ausgedruckten und einlaminierten Gutschein, den wir Ihnen per Deutsche Post Gro\u00dfbrief versenden. Gerne senden wir Ihnen den Gutschein auch per Email zu.<\/p>\n<p>&nbsp;<\/p>\n<p>Damit diesem au\u00dfergew\u00f6hnlichen Erlebnis nichts im Weg steht, m\u00fcssen ein paar Voraussetzungen erf\u00fcllt werden. Als Mieter m\u00fcssen Sie mindestens 25 Jahre alt und im Besitz einer g\u00fcltigen Fahrerlaubnis sein. Ihren Personalausweis ben\u00f6tigen wir ebenfalls. Zudem behalten wir eine Kaution in H\u00f6he von 500,- \u20ac (Tag), 1.500,- \u20ac (Wochenende) bzw. 2.000,- \u20ac (Woche) ein, die Sie am Ende Ihrer Fahrt zur\u00fcckerhalten. Alle Fahrzeuge sind mit einer Selbstbeteiligung in H\u00f6he von 2.000,- \u20ac vollkaskoversichert. Ein Ausschluss der Selbstbeteiligung oder Versicherung ist nicht m\u00f6glich.<\/p>\n<p>&nbsp;<\/p>\n<p>Entscheiden Sie sich in den ersten 6 Monaten nach der Miete zum Kauf eines Morgan, wird Ihnen der Mietpreis auf den Kaufpreis angerechnet.<\/p>\n<p>&nbsp;<\/p>\n<p>Weitere Informationen sowie unsere aktuelle Preisliste finden Sie <a href=\"https:\/\/www.morganpark.de\/vermietung\/\" target=\"_blank\" rel=\"noopener noreferrer\">hier<\/a>.<\/p>\n<p>&nbsp;<\/p>\n<p>Sie haben noch Fragen oder m\u00f6chten buchen? Rufen Sie uns an oder kontaktieren Sie uns per Email.<\/p>\n<p>&nbsp;<\/p>\n","protected":false},"excerpt":{"rendered":"<p>Wie w\u00e4re es mit einem Gutschein als Geschenk f\u00fcr gute Freunde oder zu besonderen Anl\u00e4ssen wie Hochzeiten, Geburtstagen oder vielleicht sogar zu einem besonderen Jubil\u00e4um? Kein Problem &#8211; Wir bieten Ihnen vom 1. M\u00e4rz bis 31. Oktober eines jeden Jahres die M\u00f6glichkeit, einen Teil unserer Fahrzeuge auszuprobieren.<\/p>\n<p>&nbsp;<\/p>\n<p><strong><em>Tagestour Morgan Super 3<\/em><\/strong><\/p>\n<p><em>Dauer: 1 Tag<\/em><\/p>\n<p><em>Zeitraum: <\/em><em>Montag-Freitag zwischen 08.30 Uhr und 17:00 Uhr<\/em><\/p>\n<p><em>Inklusiv-Kilometer: 150 km<\/em><\/p>\n<p><em>Zus\u00e4tzliche Kilometer: 1,20 Euro pro Kilometer<\/em><\/p>\n<p><em>G\u00fcltigkeit des Gutscheins: 3 Jahre ab Kaufdatum<\/em><\/p>\n<p>&nbsp;<\/p>\n<p><strong>Anmerkung:<\/strong> Bitte geben Sie in der Kaufabwicklung unter Bestellnotiz den Namen des Beschenkten &#8211; z. B. Max Mustermann &#8211; an. Bei der Versandart w\u00e4hlen Sie bitte den f\u00fcr Sie kostenlosen &#8222;Gutscheinversand&#8220; oder &#8222;Abholung&#8220; aus.<\/p>\n<p>Sie erhalten einen im DIN A4 Fomat farbig ausgedruckten und einlaminierten Gutschein, den wir Ihnen per Deutsche Post Gro\u00dfbrief versenden. Gerne senden wir Ihnen den Gutschein auch per Email zu.<\/p>\n<p>&nbsp;<\/p>\n<p>Damit diesem au\u00dfergew\u00f6hnlichen Erlebnis nichts im Weg steht, m\u00fcssen ein [&#8230;]<\/p>\n","protected":false},"featured_media":31404,"comment_status":"closed","ping_status":"closed","template":"","meta":[],"product_brand":[],"product_cat":[133,172],"product_tag":[134,304,136],"class_list":{"0":"post-912","1":"product","2":"type-product","3":"status-publish","4":"has-post-thumbnail","6":"product_cat-gutscheine","7":"product_cat-morgan-super-3","8":"product_tag-gutschein","9":"product_tag-super-3","10":"product_tag-tagestour","12":"first","13":"outofstock","14":"taxable","15":"shipping-taxable","16":"purchasable","17":"product-type-simple"},"_links":{"self":[{"href":"https:\/\/www.morganpark.de\/shop\/wp-json\/wp\/v2\/product\/912","targetHints":{"allow":["GET"]}}],"collection":[{"href":"https:\/\/www.morganpark.de\/shop\/wp-json\/wp\/v2\/product"}],"about":[{"href":"https:\/\/www.morganpark.de\/shop\/wp-json\/wp\/v2\/types\/product"}],"replies":[{"embeddable":true,"href":"https:\/\/www.morganpark.de\/shop\/wp-json\/wp\/v2\/comments?post=912"}],"wp:featuredmedia":[{"embeddable":true,"href":"https:\/\/www.morganpark.de\/shop\/wp-json\/wp\/v2\/media\/31404"}],"wp:attachment":[{"href":"https:\/\/www.morganpark.de\/shop\/wp-json\/wp\/v2\/media?parent=912"}],"wp:term":[{"taxonomy":"product_brand","embeddable":true,"href":"https:\/\/www.morganpark.de\/shop\/wp-json\/wp\/v2\/product_brand?post=912"},{"taxonomy":"product_cat","embeddable":true,"href":"https:\/\/www.morganpark.de\/shop\/wp-json\/wp\/v2\/product_cat?post=912"},{"taxonomy":"product_tag","embeddable":true,"href":"https:\/\/www.morganpark.de\/shop\/wp-json\/wp\/v2\/product_tag?post=912"}],"curies":[{"name":"wp","href":"https:\/\/api.w.org\/{rel}","templated":true}]}}