{"id":9283,"date":"2020-11-13T15:04:45","date_gmt":"2020-11-13T14:04:45","guid":{"rendered":"https:\/\/www.morganpark.de\/shop\/?post_type=product&#038;p=9283"},"modified":"2024-04-02T15:43:49","modified_gmt":"2024-04-02T13:43:49","slug":"satz-stossstangentraeger-hinten-edelstahl","status":"publish","type":"product","link":"https:\/\/www.morganpark.de\/shop\/produkt\/satz-stossstangentraeger-hinten-edelstahl\/","title":{"rendered":"Satz Sto\u00dfstangentr\u00e4ger hinten Edelstahl"},"content":{"rendered":"<p>Satz hintere Sto\u00dfstangentr\u00e4ger aus Edelstahl gefertigt. <\/p>\n<p>Der Satz besteht aus zwei B\u00fcgeln, zwei Z-Haltern sowie zwei H\u00fclsen. <\/p>\n<p><em>Bei diesem Artikel handelt es sich um Original Morgan Zubeh\u00f6r.<\/em><\/p>\n<p>&nbsp;<\/p>\n<p>&nbsp;<\/p>\n","protected":false},"excerpt":{"rendered":"<p>Satz hintere Sto\u00dfstangentr\u00e4ger aus Edelstahl gefertigt. <\/p>\n<p>Der Satz besteht aus zwei B\u00fcgeln, zwei Z-Haltern sowie zwei H\u00fclsen. <\/p>\n<p><em>Bei diesem Artikel handelt es sich um Original Morgan Zubeh\u00f6r.<\/em><\/p>\n<p>&nbsp;<\/p>\n<p>&nbsp;<\/p>\n","protected":false},"featured_media":9284,"comment_status":"closed","ping_status":"closed","template":"","meta":[],"product_brand":[],"product_cat":[59,236],"product_tag":[78,24,77,240],"class_list":{"0":"post-9283","1":"product","2":"type-product","3":"status-publish","4":"has-post-thumbnail","6":"product_cat-exterieur","7":"product_cat-stossstangen-teile-davon","8":"product_tag-edelstahl","9":"product_tag-morgan","10":"product_tag-original-morgan","11":"product_tag-stossstangentraeger","13":"first","14":"instock","15":"taxable","16":"shipping-taxable","17":"purchasable","18":"product-type-simple"},"_links":{"self":[{"href":"https:\/\/www.morganpark.de\/shop\/wp-json\/wp\/v2\/product\/9283","targetHints":{"allow":["GET"]}}],"collection":[{"href":"https:\/\/www.morganpark.de\/shop\/wp-json\/wp\/v2\/product"}],"about":[{"href":"https:\/\/www.morganpark.de\/shop\/wp-json\/wp\/v2\/types\/product"}],"replies":[{"embeddable":true,"href":"https:\/\/www.morganpark.de\/shop\/wp-json\/wp\/v2\/comments?post=9283"}],"wp:featuredmedia":[{"embeddable":true,"href":"https:\/\/www.morganpark.de\/shop\/wp-json\/wp\/v2\/media\/9284"}],"wp:attachment":[{"href":"https:\/\/www.morganpark.de\/shop\/wp-json\/wp\/v2\/media?parent=9283"}],"wp:term":[{"taxonomy":"product_brand","embeddable":true,"href":"https:\/\/www.morganpark.de\/shop\/wp-json\/wp\/v2\/product_brand?post=9283"},{"taxonomy":"product_cat","embeddable":true,"href":"https:\/\/www.morganpark.de\/shop\/wp-json\/wp\/v2\/product_cat?post=9283"},{"taxonomy":"product_tag","embeddable":true,"href":"https:\/\/www.morganpark.de\/shop\/wp-json\/wp\/v2\/product_tag?post=9283"}],"curies":[{"name":"wp","href":"https:\/\/api.w.org\/{rel}","templated":true}]}}